{"version":"1.0","provider_name":"Ensemble Orchestral Contemporain","provider_url":"https:\/\/old-eoc.dev-app.net\/en\/","title":"Wagner, Wotan, Fran\u00e7ois & les autres - Ensemble Orchestral Contemporain","type":"rich","width":600,"height":338,"html":"<blockquote class=\"wp-embedded-content\" data-secret=\"vFuB9beYfF\"><a href=\"https:\/\/old-eoc.dev-app.net\/en\/agenda\/evenement\/wagner-wotan-francois-les-autres\/\">Wagner, Wotan, Fran\u00e7ois &#038; les autres<\/a><\/blockquote><iframe sandbox=\"allow-scripts\" security=\"restricted\" src=\"https:\/\/old-eoc.dev-app.net\/en\/agenda\/evenement\/wagner-wotan-francois-les-autres\/embed\/#?secret=vFuB9beYfF\" width=\"600\" height=\"338\" title=\"&#8220;Wagner, Wotan, Fran\u00e7ois &#038; les autres&#8221; &#8212; Ensemble Orchestral Contemporain\" data-secret=\"vFuB9beYfF\" frameborder=\"0\" marginwidth=\"0\" marginheight=\"0\" scrolling=\"no\" class=\"wp-embedded-content\"><\/iframe><script type=\"text\/javascript\">\n\/* <![CDATA[ *\/\n\/*! This file is auto-generated *\/\n!function(d,l){\"use strict\";l.querySelector&&d.addEventListener&&\"undefined\"!=typeof URL&&(d.wp=d.wp||{},d.wp.receiveEmbedMessage||(d.wp.receiveEmbedMessage=function(e){var t=e.data;if((t||t.secret||t.message||t.value)&&!\/[^a-zA-Z0-9]\/.test(t.secret)){for(var s,r,n,a=l.querySelectorAll('iframe[data-secret=\"'+t.secret+'\"]'),o=l.querySelectorAll('blockquote[data-secret=\"'+t.secret+'\"]'),c=new RegExp(\"^https?:$\",\"i\"),i=0;i<o.length;i++)o[i].style.display=\"none\";for(i=0;i<a.length;i++)s=a[i],e.source===s.contentWindow&&(s.removeAttribute(\"style\"),\"height\"===t.message?(1e3<(r=parseInt(t.value,10))?r=1e3:~~r<200&&(r=200),s.height=r):\"link\"===t.message&&(r=new URL(s.getAttribute(\"src\")),n=new URL(t.value),c.test(n.protocol))&&n.host===r.host&&l.activeElement===s&&(d.top.location.href=t.value))}},d.addEventListener(\"message\",d.wp.receiveEmbedMessage,!1),l.addEventListener(\"DOMContentLoaded\",function(){for(var e,t,s=l.querySelectorAll(\"iframe.wp-embedded-content\"),r=0;r<s.length;r++)(t=(e=s[r]).getAttribute(\"data-secret\"))||(t=Math.random().toString(36).substring(2,12),e.src+=\"#?secret=\"+t,e.setAttribute(\"data-secret\",t)),e.contentWindow.postMessage({message:\"ready\",secret:t},\"*\")},!1)))}(window,document);\n\/* ]]> *\/\n<\/script>\n","thumbnail_url":"https:\/\/old-eoc.dev-app.net\/wp-content\/uploads\/2023\/09\/visuel-Wagner2.jpg","thumbnail_width":961,"thumbnail_height":801,"description":"Seul en sc\u00e8ne, Fran\u00e7ois Sal\u00e8s, hautbo\u00efste de l&#8217;EOC, entreprend de nous raconter la l\u00e9gende de l\u2019anneau magique, les quatre op\u00e9ras de la T\u00e9tralogie de Richard Wagner. De l\u2019anecdote familiale aux d\u00e9sordres du monde, du d\u00e9senchantement des dieux au Big Bang, c\u2019est tout l\u2019univers qui s\u2019invite dans cet op\u00e9ra de chambre. Dur\u00e9e : 1h20 Concert propos\u00e9 [&hellip;]"}

Wagner, Wotan, François & les autres - Ensemble Orchestral Contemporain

<blockquote class="wp-embedded-content" data-secret="vFuB9beYfF"><a href="https://old-eoc.dev-app.net/en/agenda/evenement/wagner-wotan-francois-les-autres/">Wagner, Wotan, François &#038; les autres</a></blockquote><iframe sandbox="allow-scripts" security="restricted" src="https://old-eoc.dev-app.net/en/agenda/evenement/wagner-wotan-francois-les-autres/embed/#?secret=vFuB9beYfF" width="600" height="338" title="&#8220;Wagner, Wotan, François &#038; les autres&#8221; &#8212; Ensemble Orchestral Contemporain" data-secret="vFuB9beYfF" frameborder="0" marginwidth="0" marginheight="0" scrolling="no" class="wp-embedded-content"></iframe><script type="text/javascript">
/* <![CDATA[ */
/*! This file is auto-generated */
!function(d,l){"use strict";l.querySelector&&d.addEventListener&&"undefined"!=typeof URL&&(d.wp=d.wp||{},d.wp.receiveEmbedMessage||(d.wp.receiveEmbedMessage=function(e){var t=e.data;if((t||t.secret||t.message||t.value)&&!/[^a-zA-Z0-9]/.test(t.secret)){for(var s,r,n,a=l.querySelectorAll('iframe[data-secret="'+t.secret+'"]'),o=l.querySelectorAll('blockquote[data-secret="'+t.secret+'"]'),c=new RegExp("^https?:$","i"),i=0;i<o.length;i++)o[i].style.display="none";for(i=0;i<a.length;i++)s=a[i],e.source===s.contentWindow&&(s.removeAttribute("style"),"height"===t.message?(1e3<(r=parseInt(t.value,10))?r=1e3:~~r<200&&(r=200),s.height=r):"link"===t.message&&(r=new URL(s.getAttribute("src")),n=new URL(t.value),c.test(n.protocol))&&n.host===r.host&&l.activeElement===s&&(d.top.location.href=t.value))}},d.addEventListener("message",d.wp.receiveEmbedMessage,!1),l.addEventListener("DOMContentLoaded",function(){for(var e,t,s=l.querySelectorAll("iframe.wp-embedded-content"),r=0;r<s.length;r++)(t=(e=s[r]).getAttribute("data-secret"))||(t=Math.random().toString(36).substring(2,12),e.src+="#?secret="+t,e.setAttribute("data-secret",t)),e.contentWindow.postMessage({message:"ready",secret:t},"*")},!1)))}(window,document);
/* ]]> */
</script>

Seul en scène, François Salès, hautboïste de l&#8217;EOC, entreprend de nous raconter la légende de l’anneau magique, les quatre opéras de la Tétralogie de Richard Wagner. De l’anecdote familiale aux désordres du monde, du désenchantement des dieux au Big Bang, c’est tout l’univers qui s’invite dans cet opéra de chambre. Durée : 1h20 Concert proposé [&hellip;]
