{"version":"1.0","provider_name":"Ensemble Orchestral Contemporain","provider_url":"https:\/\/old-eoc.dev-app.net\/en\/","title":"Voix des Compositrices - Ensemble Orchestral Contemporain","type":"rich","width":600,"height":338,"html":"<blockquote class=\"wp-embedded-content\" data-secret=\"0ikN1zjF0w\"><a href=\"https:\/\/old-eoc.dev-app.net\/en\/agenda\/evenement\/voix-des-compositrices\/\">Voix des Compositrices<\/a><\/blockquote><iframe sandbox=\"allow-scripts\" security=\"restricted\" src=\"https:\/\/old-eoc.dev-app.net\/en\/agenda\/evenement\/voix-des-compositrices\/embed\/#?secret=0ikN1zjF0w\" width=\"600\" height=\"338\" title=\"&#8220;Voix des Compositrices&#8221; &#8212; Ensemble Orchestral Contemporain\" data-secret=\"0ikN1zjF0w\" frameborder=\"0\" marginwidth=\"0\" marginheight=\"0\" scrolling=\"no\" class=\"wp-embedded-content\"><\/iframe><script type=\"text\/javascript\">\n\/* <![CDATA[ *\/\n\/*! This file is auto-generated *\/\n!function(d,l){\"use strict\";l.querySelector&&d.addEventListener&&\"undefined\"!=typeof URL&&(d.wp=d.wp||{},d.wp.receiveEmbedMessage||(d.wp.receiveEmbedMessage=function(e){var t=e.data;if((t||t.secret||t.message||t.value)&&!\/[^a-zA-Z0-9]\/.test(t.secret)){for(var s,r,n,a=l.querySelectorAll('iframe[data-secret=\"'+t.secret+'\"]'),o=l.querySelectorAll('blockquote[data-secret=\"'+t.secret+'\"]'),c=new RegExp(\"^https?:$\",\"i\"),i=0;i<o.length;i++)o[i].style.display=\"none\";for(i=0;i<a.length;i++)s=a[i],e.source===s.contentWindow&&(s.removeAttribute(\"style\"),\"height\"===t.message?(1e3<(r=parseInt(t.value,10))?r=1e3:~~r<200&&(r=200),s.height=r):\"link\"===t.message&&(r=new URL(s.getAttribute(\"src\")),n=new URL(t.value),c.test(n.protocol))&&n.host===r.host&&l.activeElement===s&&(d.top.location.href=t.value))}},d.addEventListener(\"message\",d.wp.receiveEmbedMessage,!1),l.addEventListener(\"DOMContentLoaded\",function(){for(var e,t,s=l.querySelectorAll(\"iframe.wp-embedded-content\"),r=0;r<s.length;r++)(t=(e=s[r]).getAttribute(\"data-secret\"))||(t=Math.random().toString(36).substring(2,12),e.src+=\"#?secret=\"+t,e.setAttribute(\"data-secret\",t)),e.contentWindow.postMessage({message:\"ready\",secret:t},\"*\")},!1)))}(window,document);\n\/* ]]> *\/\n<\/script>\n","thumbnail_url":"https:\/\/old-eoc.dev-app.net\/wp-content\/uploads\/2025\/04\/propo-voixdescompositrices-scaled-e1745851204634.jpg","thumbnail_width":1280,"thumbnail_height":1315,"description":"Concert\/m\u00e9diation suivi d\u2019un atelier participatif : vivez une exp\u00e9rience immersive avec Voix des compositrices. Plongez dans des \u0153uvres contemporaines de compositrices audacieuses, port\u00e9es par Val\u00e9rie Dulac au violoncelle et Corentin Fournes \u00e0 la m\u00e9diation. Nous vous donnons rendez-vous au B\u00e2timent des Forges, le 27 juin \u00e0 16h pour d\u00e9couvrir un univers musical unique et engag\u00e9 [&hellip;]"}

Concert/médiation suivi d’un atelier participatif : vivez une expérience immersive avec Voix des compositrices. Plongez dans des œuvres contemporaines de compositrices audacieuses, portées par Valérie Dulac au violoncelle et Corentin Fournes à la médiation. Nous vous donnons rendez-vous au Bâtiment des Forges, le 27 juin à 16h pour découvrir un univers musical unique et engagé [&hellip;]
