{"version":"1.0","provider_name":"Ensemble Orchestral Contemporain","provider_url":"https:\/\/old-eoc.dev-app.net\/en\/","title":"R\u00e9cital de violoncelle - Ensemble Orchestral Contemporain","type":"rich","width":600,"height":338,"html":"<blockquote class=\"wp-embedded-content\" data-secret=\"torZIZQbze\"><a href=\"https:\/\/old-eoc.dev-app.net\/en\/agenda\/evenement\/recital-violoncelle\/\">R\u00e9cital de violoncelle<\/a><\/blockquote><iframe sandbox=\"allow-scripts\" security=\"restricted\" src=\"https:\/\/old-eoc.dev-app.net\/en\/agenda\/evenement\/recital-violoncelle\/embed\/#?secret=torZIZQbze\" width=\"600\" height=\"338\" title=\"&#8220;R\u00e9cital de violoncelle&#8221; &#8212; Ensemble Orchestral Contemporain\" data-secret=\"torZIZQbze\" frameborder=\"0\" marginwidth=\"0\" marginheight=\"0\" scrolling=\"no\" class=\"wp-embedded-content\"><\/iframe><script type=\"text\/javascript\">\n\/* <![CDATA[ *\/\n\/*! This file is auto-generated *\/\n!function(d,l){\"use strict\";l.querySelector&&d.addEventListener&&\"undefined\"!=typeof URL&&(d.wp=d.wp||{},d.wp.receiveEmbedMessage||(d.wp.receiveEmbedMessage=function(e){var t=e.data;if((t||t.secret||t.message||t.value)&&!\/[^a-zA-Z0-9]\/.test(t.secret)){for(var s,r,n,a=l.querySelectorAll('iframe[data-secret=\"'+t.secret+'\"]'),o=l.querySelectorAll('blockquote[data-secret=\"'+t.secret+'\"]'),c=new RegExp(\"^https?:$\",\"i\"),i=0;i<o.length;i++)o[i].style.display=\"none\";for(i=0;i<a.length;i++)s=a[i],e.source===s.contentWindow&&(s.removeAttribute(\"style\"),\"height\"===t.message?(1e3<(r=parseInt(t.value,10))?r=1e3:~~r<200&&(r=200),s.height=r):\"link\"===t.message&&(r=new URL(s.getAttribute(\"src\")),n=new URL(t.value),c.test(n.protocol))&&n.host===r.host&&l.activeElement===s&&(d.top.location.href=t.value))}},d.addEventListener(\"message\",d.wp.receiveEmbedMessage,!1),l.addEventListener(\"DOMContentLoaded\",function(){for(var e,t,s=l.querySelectorAll(\"iframe.wp-embedded-content\"),r=0;r<s.length;r++)(t=(e=s[r]).getAttribute(\"data-secret\"))||(t=Math.random().toString(36).substring(2,12),e.src+=\"#?secret=\"+t,e.setAttribute(\"data-secret\",t)),e.contentWindow.postMessage({message:\"ready\",secret:t},\"*\")},!1)))}(window,document);\n\/* ]]> *\/\n<\/script>\n","thumbnail_url":"https:\/\/old-eoc.dev-app.net\/wp-content\/uploads\/2019\/07\/5w-Vale\u0301rie-Dulac.jpg","thumbnail_width":1766,"thumbnail_height":993,"description":"Cr\u00e9\u00e9es en 2015 sous l\u2019impulsion de Pascal Gallois, Les Musicales de Quiberon ouvrent les horizons et associent modernit\u00e9 et classicisme. Ce festival propose une nouvelle g\u00e9ographie musicale, de la cr\u00e9ation contemporaine aux absolus du r\u00e9pertoire. L\u2019\u00e9dition 2019 a pour th\u00e8me Aujourd\u2019hui\u2026 MOZART, HAYDN. Le trio \u00e0 cordes, compos\u00e9 des solistes de l\u2019EOC C\u00e9line Lagouti\u00e8re, Patrick [&hellip;]"}

Récital de violoncelle - Ensemble Orchestral Contemporain

<blockquote class="wp-embedded-content" data-secret="torZIZQbze"><a href="https://old-eoc.dev-app.net/en/agenda/evenement/recital-violoncelle/">Récital de violoncelle</a></blockquote><iframe sandbox="allow-scripts" security="restricted" src="https://old-eoc.dev-app.net/en/agenda/evenement/recital-violoncelle/embed/#?secret=torZIZQbze" width="600" height="338" title="&#8220;Récital de violoncelle&#8221; &#8212; Ensemble Orchestral Contemporain" data-secret="torZIZQbze" frameborder="0" marginwidth="0" marginheight="0" scrolling="no" class="wp-embedded-content"></iframe><script type="text/javascript">
/* <![CDATA[ */
/*! This file is auto-generated */
!function(d,l){"use strict";l.querySelector&&d.addEventListener&&"undefined"!=typeof URL&&(d.wp=d.wp||{},d.wp.receiveEmbedMessage||(d.wp.receiveEmbedMessage=function(e){var t=e.data;if((t||t.secret||t.message||t.value)&&!/[^a-zA-Z0-9]/.test(t.secret)){for(var s,r,n,a=l.querySelectorAll('iframe[data-secret="'+t.secret+'"]'),o=l.querySelectorAll('blockquote[data-secret="'+t.secret+'"]'),c=new RegExp("^https?:$","i"),i=0;i<o.length;i++)o[i].style.display="none";for(i=0;i<a.length;i++)s=a[i],e.source===s.contentWindow&&(s.removeAttribute("style"),"height"===t.message?(1e3<(r=parseInt(t.value,10))?r=1e3:~~r<200&&(r=200),s.height=r):"link"===t.message&&(r=new URL(s.getAttribute("src")),n=new URL(t.value),c.test(n.protocol))&&n.host===r.host&&l.activeElement===s&&(d.top.location.href=t.value))}},d.addEventListener("message",d.wp.receiveEmbedMessage,!1),l.addEventListener("DOMContentLoaded",function(){for(var e,t,s=l.querySelectorAll("iframe.wp-embedded-content"),r=0;r<s.length;r++)(t=(e=s[r]).getAttribute("data-secret"))||(t=Math.random().toString(36).substring(2,12),e.src+="#?secret="+t,e.setAttribute("data-secret",t)),e.contentWindow.postMessage({message:"ready",secret:t},"*")},!1)))}(window,document);
/* ]]> */
</script>

Créées en 2015 sous l’impulsion de Pascal Gallois, Les Musicales de Quiberon ouvrent les horizons et associent modernité et classicisme. Ce festival propose une nouvelle géographie musicale, de la création contemporaine aux absolus du répertoire. L’édition 2019 a pour thème Aujourd’hui… MOZART, HAYDN. Le trio à cordes, composé des solistes de l’EOC Céline Lagoutière, Patrick [&hellip;]
