{"version":"1.0","provider_name":"Ensemble Orchestral Contemporain","provider_url":"https:\/\/old-eoc.dev-app.net\/en\/","title":"Annul\u00e9 \/\/ Printemps de la cr\u00e9ation - Ensemble Orchestral Contemporain","type":"rich","width":600,"height":338,"html":"<blockquote class=\"wp-embedded-content\" data-secret=\"9wJLxdxAC5\"><a href=\"https:\/\/old-eoc.dev-app.net\/en\/agenda\/evenement\/printemps-de-la-creation-2\/\">Annul\u00e9 \/\/ Printemps de la cr\u00e9ation<\/a><\/blockquote><iframe sandbox=\"allow-scripts\" security=\"restricted\" src=\"https:\/\/old-eoc.dev-app.net\/en\/agenda\/evenement\/printemps-de-la-creation-2\/embed\/#?secret=9wJLxdxAC5\" width=\"600\" height=\"338\" title=\"&#8220;Annul\u00e9 \/\/ Printemps de la cr\u00e9ation&#8221; &#8212; Ensemble Orchestral Contemporain\" data-secret=\"9wJLxdxAC5\" frameborder=\"0\" marginwidth=\"0\" marginheight=\"0\" scrolling=\"no\" class=\"wp-embedded-content\"><\/iframe><script type=\"text\/javascript\">\n\/* <![CDATA[ *\/\n\/*! This file is auto-generated *\/\n!function(d,l){\"use strict\";l.querySelector&&d.addEventListener&&\"undefined\"!=typeof URL&&(d.wp=d.wp||{},d.wp.receiveEmbedMessage||(d.wp.receiveEmbedMessage=function(e){var t=e.data;if((t||t.secret||t.message||t.value)&&!\/[^a-zA-Z0-9]\/.test(t.secret)){for(var s,r,n,a=l.querySelectorAll('iframe[data-secret=\"'+t.secret+'\"]'),o=l.querySelectorAll('blockquote[data-secret=\"'+t.secret+'\"]'),c=new RegExp(\"^https?:$\",\"i\"),i=0;i<o.length;i++)o[i].style.display=\"none\";for(i=0;i<a.length;i++)s=a[i],e.source===s.contentWindow&&(s.removeAttribute(\"style\"),\"height\"===t.message?(1e3<(r=parseInt(t.value,10))?r=1e3:~~r<200&&(r=200),s.height=r):\"link\"===t.message&&(r=new URL(s.getAttribute(\"src\")),n=new URL(t.value),c.test(n.protocol))&&n.host===r.host&&l.activeElement===s&&(d.top.location.href=t.value))}},d.addEventListener(\"message\",d.wp.receiveEmbedMessage,!1),l.addEventListener(\"DOMContentLoaded\",function(){for(var e,t,s=l.querySelectorAll(\"iframe.wp-embedded-content\"),r=0;r<s.length;r++)(t=(e=s[r]).getAttribute(\"data-secret\"))||(t=Math.random().toString(36).substring(2,12),e.src+=\"#?secret=\"+t,e.setAttribute(\"data-secret\",t)),e.contentWindow.postMessage({message:\"ready\",secret:t},\"*\")},!1)))}(window,document);\n\/* ]]> *\/\n<\/script>\n","thumbnail_url":"https:\/\/old-eoc.dev-app.net\/wp-content\/uploads\/2020\/03\/CanatDeChizyEdith1920.jpg","thumbnail_width":1920,"thumbnail_height":960,"description":"Conclusion de la r\u00e9sidence de l\u2019Ensemble Orchestral Contemporain \u00e0 La Chaise-Dieu, ce concert atelier mettra \u00e0 l\u2019honneur la richesse de la cr\u00e9ation contemporaine, du\u00a0XX\u00e8me\u00a0et XXI\u00e8me si\u00e8cle, en associant les \u0153uvres d\u2019\u00c9dith Canat de Chizy, Bastien David et d\u2019Arnold Schoenberg. Le concert sera suivi d\u2019un moment convivial avec les artistes autour d\u2019un ap\u00e9ritif\u00a0bistronomique. Amateur d\u2019\u0153nologie, le [&hellip;]"}

Annulé // Printemps de la création - Ensemble Orchestral Contemporain

<blockquote class="wp-embedded-content" data-secret="9wJLxdxAC5"><a href="https://old-eoc.dev-app.net/en/agenda/evenement/printemps-de-la-creation-2/">Annulé // Printemps de la création</a></blockquote><iframe sandbox="allow-scripts" security="restricted" src="https://old-eoc.dev-app.net/en/agenda/evenement/printemps-de-la-creation-2/embed/#?secret=9wJLxdxAC5" width="600" height="338" title="&#8220;Annulé // Printemps de la création&#8221; &#8212; Ensemble Orchestral Contemporain" data-secret="9wJLxdxAC5" frameborder="0" marginwidth="0" marginheight="0" scrolling="no" class="wp-embedded-content"></iframe><script type="text/javascript">
/* <![CDATA[ */
/*! This file is auto-generated */
!function(d,l){"use strict";l.querySelector&&d.addEventListener&&"undefined"!=typeof URL&&(d.wp=d.wp||{},d.wp.receiveEmbedMessage||(d.wp.receiveEmbedMessage=function(e){var t=e.data;if((t||t.secret||t.message||t.value)&&!/[^a-zA-Z0-9]/.test(t.secret)){for(var s,r,n,a=l.querySelectorAll('iframe[data-secret="'+t.secret+'"]'),o=l.querySelectorAll('blockquote[data-secret="'+t.secret+'"]'),c=new RegExp("^https?:$","i"),i=0;i<o.length;i++)o[i].style.display="none";for(i=0;i<a.length;i++)s=a[i],e.source===s.contentWindow&&(s.removeAttribute("style"),"height"===t.message?(1e3<(r=parseInt(t.value,10))?r=1e3:~~r<200&&(r=200),s.height=r):"link"===t.message&&(r=new URL(s.getAttribute("src")),n=new URL(t.value),c.test(n.protocol))&&n.host===r.host&&l.activeElement===s&&(d.top.location.href=t.value))}},d.addEventListener("message",d.wp.receiveEmbedMessage,!1),l.addEventListener("DOMContentLoaded",function(){for(var e,t,s=l.querySelectorAll("iframe.wp-embedded-content"),r=0;r<s.length;r++)(t=(e=s[r]).getAttribute("data-secret"))||(t=Math.random().toString(36).substring(2,12),e.src+="#?secret="+t,e.setAttribute("data-secret",t)),e.contentWindow.postMessage({message:"ready",secret:t},"*")},!1)))}(window,document);
/* ]]> */
</script>

Conclusion de la résidence de l’Ensemble Orchestral Contemporain à La Chaise-Dieu, ce concert atelier mettra à l’honneur la richesse de la création contemporaine, du XXème et XXIème siècle, en associant les œuvres d’Édith Canat de Chizy, Bastien David et d’Arnold Schoenberg. Le concert sera suivi d’un moment convivial avec les artistes autour d’un apéritif bistronomique. Amateur d’œnologie, le [&hellip;]
