{"version":"1.0","provider_name":"Ensemble Orchestral Contemporain","provider_url":"https:\/\/old-eoc.dev-app.net\/en\/","title":"Report\u00e9 \/\/ Ombres et lumi\u00e8res - Ensemble Orchestral Contemporain","type":"rich","width":600,"height":338,"html":"<blockquote class=\"wp-embedded-content\" data-secret=\"Q7qrc1GSx4\"><a href=\"https:\/\/old-eoc.dev-app.net\/en\/agenda\/evenement\/ombres-et-lumieres\/\">Report\u00e9 \/\/ Ombres et lumi\u00e8res<\/a><\/blockquote><iframe sandbox=\"allow-scripts\" security=\"restricted\" src=\"https:\/\/old-eoc.dev-app.net\/en\/agenda\/evenement\/ombres-et-lumieres\/embed\/#?secret=Q7qrc1GSx4\" width=\"600\" height=\"338\" title=\"&#8220;Report\u00e9 \/\/ Ombres et lumi\u00e8res&#8221; &#8212; Ensemble Orchestral Contemporain\" data-secret=\"Q7qrc1GSx4\" frameborder=\"0\" marginwidth=\"0\" marginheight=\"0\" scrolling=\"no\" class=\"wp-embedded-content\"><\/iframe><script type=\"text\/javascript\">\n\/* <![CDATA[ *\/\n\/*! This file is auto-generated *\/\n!function(d,l){\"use strict\";l.querySelector&&d.addEventListener&&\"undefined\"!=typeof URL&&(d.wp=d.wp||{},d.wp.receiveEmbedMessage||(d.wp.receiveEmbedMessage=function(e){var t=e.data;if((t||t.secret||t.message||t.value)&&!\/[^a-zA-Z0-9]\/.test(t.secret)){for(var s,r,n,a=l.querySelectorAll('iframe[data-secret=\"'+t.secret+'\"]'),o=l.querySelectorAll('blockquote[data-secret=\"'+t.secret+'\"]'),c=new RegExp(\"^https?:$\",\"i\"),i=0;i<o.length;i++)o[i].style.display=\"none\";for(i=0;i<a.length;i++)s=a[i],e.source===s.contentWindow&&(s.removeAttribute(\"style\"),\"height\"===t.message?(1e3<(r=parseInt(t.value,10))?r=1e3:~~r<200&&(r=200),s.height=r):\"link\"===t.message&&(r=new URL(s.getAttribute(\"src\")),n=new URL(t.value),c.test(n.protocol))&&n.host===r.host&&l.activeElement===s&&(d.top.location.href=t.value))}},d.addEventListener(\"message\",d.wp.receiveEmbedMessage,!1),l.addEventListener(\"DOMContentLoaded\",function(){for(var e,t,s=l.querySelectorAll(\"iframe.wp-embedded-content\"),r=0;r<s.length;r++)(t=(e=s[r]).getAttribute(\"data-secret\"))||(t=Math.random().toString(36).substring(2,12),e.src+=\"#?secret=\"+t,e.setAttribute(\"data-secret\",t)),e.contentWindow.postMessage({message:\"ready\",secret:t},\"*\")},!1)))}(window,document);\n\/* ]]> *\/\n<\/script>\n","thumbnail_url":"https:\/\/old-eoc.dev-app.net\/wp-content\/uploads\/2020\/07\/20-EOC-Credit-EOC.jpg","thumbnail_width":1456,"thumbnail_height":819,"description":"Suite \u00e0 la crise sanitaire li\u00e9e \u00e0 la covid-19, ce concert est report\u00e9 au 8 d\u00e9cembre 2021. &nbsp; Des \u0153uvres embl\u00e9matiques du XX\u00e8me si\u00e8cle aux compositions d\u2019aujourd\u2019hui, l\u2019Ensemble Orchestral Contemporain parcourt plus d\u2019un si\u00e8cle de musique, le temps d\u2019une soir\u00e9e. En regard des \u0153uvres fondatrices d\u2019Arnold Schoenberg et d\u2019Anton Webern, l\u2019EOC pr\u00e9sente Outrenoir, cr\u00e9ation d\u2019\u00c9dith [&hellip;]"}

Reporté // Ombres et lumières - Ensemble Orchestral Contemporain

<blockquote class="wp-embedded-content" data-secret="Q7qrc1GSx4"><a href="https://old-eoc.dev-app.net/en/agenda/evenement/ombres-et-lumieres/">Reporté // Ombres et lumières</a></blockquote><iframe sandbox="allow-scripts" security="restricted" src="https://old-eoc.dev-app.net/en/agenda/evenement/ombres-et-lumieres/embed/#?secret=Q7qrc1GSx4" width="600" height="338" title="&#8220;Reporté // Ombres et lumières&#8221; &#8212; Ensemble Orchestral Contemporain" data-secret="Q7qrc1GSx4" frameborder="0" marginwidth="0" marginheight="0" scrolling="no" class="wp-embedded-content"></iframe><script type="text/javascript">
/* <![CDATA[ */
/*! This file is auto-generated */
!function(d,l){"use strict";l.querySelector&&d.addEventListener&&"undefined"!=typeof URL&&(d.wp=d.wp||{},d.wp.receiveEmbedMessage||(d.wp.receiveEmbedMessage=function(e){var t=e.data;if((t||t.secret||t.message||t.value)&&!/[^a-zA-Z0-9]/.test(t.secret)){for(var s,r,n,a=l.querySelectorAll('iframe[data-secret="'+t.secret+'"]'),o=l.querySelectorAll('blockquote[data-secret="'+t.secret+'"]'),c=new RegExp("^https?:$","i"),i=0;i<o.length;i++)o[i].style.display="none";for(i=0;i<a.length;i++)s=a[i],e.source===s.contentWindow&&(s.removeAttribute("style"),"height"===t.message?(1e3<(r=parseInt(t.value,10))?r=1e3:~~r<200&&(r=200),s.height=r):"link"===t.message&&(r=new URL(s.getAttribute("src")),n=new URL(t.value),c.test(n.protocol))&&n.host===r.host&&l.activeElement===s&&(d.top.location.href=t.value))}},d.addEventListener("message",d.wp.receiveEmbedMessage,!1),l.addEventListener("DOMContentLoaded",function(){for(var e,t,s=l.querySelectorAll("iframe.wp-embedded-content"),r=0;r<s.length;r++)(t=(e=s[r]).getAttribute("data-secret"))||(t=Math.random().toString(36).substring(2,12),e.src+="#?secret="+t,e.setAttribute("data-secret",t)),e.contentWindow.postMessage({message:"ready",secret:t},"*")},!1)))}(window,document);
/* ]]> */
</script>

Suite à la crise sanitaire liée à la covid-19, ce concert est reporté au 8 décembre 2021. &nbsp; Des œuvres emblématiques du XXème siècle aux compositions d’aujourd’hui, l’Ensemble Orchestral Contemporain parcourt plus d’un siècle de musique, le temps d’une soirée. En regard des œuvres fondatrices d’Arnold Schoenberg et d’Anton Webern, l’EOC présente Outrenoir, création d’Édith [&hellip;]
