{"version":"1.0","provider_name":"Ensemble Orchestral Contemporain","provider_url":"https:\/\/old-eoc.dev-app.net\/en\/","title":"Nuit europ\u00e9enne des mus\u00e9es 2022 - Ensemble Orchestral Contemporain","type":"rich","width":600,"height":338,"html":"<blockquote class=\"wp-embedded-content\" data-secret=\"IMZkS1QoEB\"><a href=\"https:\/\/old-eoc.dev-app.net\/en\/agenda\/evenement\/nuits-des-musees-2022\/\">Nuit europ\u00e9enne des mus\u00e9es 2022<\/a><\/blockquote><iframe sandbox=\"allow-scripts\" security=\"restricted\" src=\"https:\/\/old-eoc.dev-app.net\/en\/agenda\/evenement\/nuits-des-musees-2022\/embed\/#?secret=IMZkS1QoEB\" width=\"600\" height=\"338\" title=\"&#8220;Nuit europ\u00e9enne des mus\u00e9es 2022&#8221; &#8212; Ensemble Orchestral Contemporain\" data-secret=\"IMZkS1QoEB\" frameborder=\"0\" marginwidth=\"0\" marginheight=\"0\" scrolling=\"no\" class=\"wp-embedded-content\"><\/iframe><script type=\"text\/javascript\">\n\/* <![CDATA[ *\/\n\/*! This file is auto-generated *\/\n!function(d,l){\"use strict\";l.querySelector&&d.addEventListener&&\"undefined\"!=typeof URL&&(d.wp=d.wp||{},d.wp.receiveEmbedMessage||(d.wp.receiveEmbedMessage=function(e){var t=e.data;if((t||t.secret||t.message||t.value)&&!\/[^a-zA-Z0-9]\/.test(t.secret)){for(var s,r,n,a=l.querySelectorAll('iframe[data-secret=\"'+t.secret+'\"]'),o=l.querySelectorAll('blockquote[data-secret=\"'+t.secret+'\"]'),c=new RegExp(\"^https?:$\",\"i\"),i=0;i<o.length;i++)o[i].style.display=\"none\";for(i=0;i<a.length;i++)s=a[i],e.source===s.contentWindow&&(s.removeAttribute(\"style\"),\"height\"===t.message?(1e3<(r=parseInt(t.value,10))?r=1e3:~~r<200&&(r=200),s.height=r):\"link\"===t.message&&(r=new URL(s.getAttribute(\"src\")),n=new URL(t.value),c.test(n.protocol))&&n.host===r.host&&l.activeElement===s&&(d.top.location.href=t.value))}},d.addEventListener(\"message\",d.wp.receiveEmbedMessage,!1),l.addEventListener(\"DOMContentLoaded\",function(){for(var e,t,s=l.querySelectorAll(\"iframe.wp-embedded-content\"),r=0;r<s.length;r++)(t=(e=s[r]).getAttribute(\"data-secret\"))||(t=Math.random().toString(36).substring(2,12),e.src+=\"#?secret=\"+t,e.setAttribute(\"data-secret\",t)),e.contentWindow.postMessage({message:\"ready\",secret:t},\"*\")},!1)))}(window,document);\n\/* ]]> *\/\n<\/script>\n","thumbnail_url":"https:\/\/old-eoc.dev-app.net\/wp-content\/uploads\/2022\/03\/vlcsnap-2021-1-\u00a9EOC.png","thumbnail_width":1920,"thumbnail_height":1080,"description":"\u00c0 l&#8217;occasion de la Nuit europ\u00e9enne des mus\u00e9es 2022, le Mus\u00e9e d&#8217;Art Moderne et Contemporain de Saint-\u00c9tienne M\u00e9tropole invite trois solistes de l\u2019Ensemble Orchestral Contemporain pour un parcours sensible, unique et musical au fil des expositions. En salle, le trio fl\u00fbte, harpe et violon alto, r\u00e9uni pour la premi\u00e8re fois par Claude Debussy, dialoguera avec [&hellip;]"}

Nuit européenne des musées 2022 - Ensemble Orchestral Contemporain

<blockquote class="wp-embedded-content" data-secret="IMZkS1QoEB"><a href="https://old-eoc.dev-app.net/en/agenda/evenement/nuits-des-musees-2022/">Nuit européenne des musées 2022</a></blockquote><iframe sandbox="allow-scripts" security="restricted" src="https://old-eoc.dev-app.net/en/agenda/evenement/nuits-des-musees-2022/embed/#?secret=IMZkS1QoEB" width="600" height="338" title="&#8220;Nuit européenne des musées 2022&#8221; &#8212; Ensemble Orchestral Contemporain" data-secret="IMZkS1QoEB" frameborder="0" marginwidth="0" marginheight="0" scrolling="no" class="wp-embedded-content"></iframe><script type="text/javascript">
/* <![CDATA[ */
/*! This file is auto-generated */
!function(d,l){"use strict";l.querySelector&&d.addEventListener&&"undefined"!=typeof URL&&(d.wp=d.wp||{},d.wp.receiveEmbedMessage||(d.wp.receiveEmbedMessage=function(e){var t=e.data;if((t||t.secret||t.message||t.value)&&!/[^a-zA-Z0-9]/.test(t.secret)){for(var s,r,n,a=l.querySelectorAll('iframe[data-secret="'+t.secret+'"]'),o=l.querySelectorAll('blockquote[data-secret="'+t.secret+'"]'),c=new RegExp("^https?:$","i"),i=0;i<o.length;i++)o[i].style.display="none";for(i=0;i<a.length;i++)s=a[i],e.source===s.contentWindow&&(s.removeAttribute("style"),"height"===t.message?(1e3<(r=parseInt(t.value,10))?r=1e3:~~r<200&&(r=200),s.height=r):"link"===t.message&&(r=new URL(s.getAttribute("src")),n=new URL(t.value),c.test(n.protocol))&&n.host===r.host&&l.activeElement===s&&(d.top.location.href=t.value))}},d.addEventListener("message",d.wp.receiveEmbedMessage,!1),l.addEventListener("DOMContentLoaded",function(){for(var e,t,s=l.querySelectorAll("iframe.wp-embedded-content"),r=0;r<s.length;r++)(t=(e=s[r]).getAttribute("data-secret"))||(t=Math.random().toString(36).substring(2,12),e.src+="#?secret="+t,e.setAttribute("data-secret",t)),e.contentWindow.postMessage({message:"ready",secret:t},"*")},!1)))}(window,document);
/* ]]> */
</script>

À l&#8217;occasion de la Nuit européenne des musées 2022, le Musée d&#8217;Art Moderne et Contemporain de Saint-Étienne Métropole invite trois solistes de l’Ensemble Orchestral Contemporain pour un parcours sensible, unique et musical au fil des expositions. En salle, le trio flûte, harpe et violon alto, réuni pour la première fois par Claude Debussy, dialoguera avec [&hellip;]
