{"version":"1.0","provider_name":"Ensemble Orchestral Contemporain","provider_url":"https:\/\/old-eoc.dev-app.net\/en\/","title":"Mythe et Architecture - Ensemble Orchestral Contemporain","type":"rich","width":600,"height":338,"html":"<blockquote class=\"wp-embedded-content\" data-secret=\"52eFet0MkX\"><a href=\"https:\/\/old-eoc.dev-app.net\/en\/agenda\/evenement\/mythe-et-architecture\/\">Mythe et Architecture<\/a><\/blockquote><iframe sandbox=\"allow-scripts\" security=\"restricted\" src=\"https:\/\/old-eoc.dev-app.net\/en\/agenda\/evenement\/mythe-et-architecture\/embed\/#?secret=52eFet0MkX\" width=\"600\" height=\"338\" title=\"&#8220;Mythe et Architecture&#8221; &#8212; Ensemble Orchestral Contemporain\" data-secret=\"52eFet0MkX\" frameborder=\"0\" marginwidth=\"0\" marginheight=\"0\" scrolling=\"no\" class=\"wp-embedded-content\"><\/iframe><script type=\"text\/javascript\">\n\/* <![CDATA[ *\/\n\/*! This file is auto-generated *\/\n!function(d,l){\"use strict\";l.querySelector&&d.addEventListener&&\"undefined\"!=typeof URL&&(d.wp=d.wp||{},d.wp.receiveEmbedMessage||(d.wp.receiveEmbedMessage=function(e){var t=e.data;if((t||t.secret||t.message||t.value)&&!\/[^a-zA-Z0-9]\/.test(t.secret)){for(var s,r,n,a=l.querySelectorAll('iframe[data-secret=\"'+t.secret+'\"]'),o=l.querySelectorAll('blockquote[data-secret=\"'+t.secret+'\"]'),c=new RegExp(\"^https?:$\",\"i\"),i=0;i<o.length;i++)o[i].style.display=\"none\";for(i=0;i<a.length;i++)s=a[i],e.source===s.contentWindow&&(s.removeAttribute(\"style\"),\"height\"===t.message?(1e3<(r=parseInt(t.value,10))?r=1e3:~~r<200&&(r=200),s.height=r):\"link\"===t.message&&(r=new URL(s.getAttribute(\"src\")),n=new URL(t.value),c.test(n.protocol))&&n.host===r.host&&l.activeElement===s&&(d.top.location.href=t.value))}},d.addEventListener(\"message\",d.wp.receiveEmbedMessage,!1),l.addEventListener(\"DOMContentLoaded\",function(){for(var e,t,s=l.querySelectorAll(\"iframe.wp-embedded-content\"),r=0;r<s.length;r++)(t=(e=s[r]).getAttribute(\"data-secret\"))||(t=Math.random().toString(36).substring(2,12),e.src+=\"#?secret=\"+t,e.setAttribute(\"data-secret\",t)),e.contentWindow.postMessage({message:\"ready\",secret:t},\"*\")},!1)))}(window,document);\n\/* ]]> *\/\n<\/script>\n","thumbnail_url":"https:\/\/old-eoc.dev-app.net\/wp-content\/uploads\/2018\/09\/Church_@_Firminy_France.jpg","thumbnail_width":1920,"thumbnail_height":1439,"description":"Pour profiter au mieux du concert, nous vous conseillons de prendre des v\u00eatements chauds ou une couverture. &#8212; Iannis Xenakis est n\u00e9 en 1922 \u00e0 Bra\u00efla en Roumanie, de parents grecs. Adolescent, il quitte la Roumanie pour la Gr\u00e8ce et d\u00e9couvre sa passion pour les math\u00e9matiques, la litt\u00e9rature grecque et la musique. Dans les ann\u00e9es [&hellip;]"}

Pour profiter au mieux du concert, nous vous conseillons de prendre des vêtements chauds ou une couverture. &#8212; Iannis Xenakis est né en 1922 à Braïla en Roumanie, de parents grecs. Adolescent, il quitte la Roumanie pour la Grèce et découvre sa passion pour les mathématiques, la littérature grecque et la musique. Dans les années [&hellip;]
