{"version":"1.0","provider_name":"Ensemble Orchestral Contemporain","provider_url":"https:\/\/old-eoc.dev-app.net\/en\/","title":"Musique, \u00e7a tourne ! - Ensemble Orchestral Contemporain","type":"rich","width":600,"height":338,"html":"<blockquote class=\"wp-embedded-content\" data-secret=\"CQp8bGT319\"><a href=\"https:\/\/old-eoc.dev-app.net\/en\/agenda\/evenement\/musique-ca-tourne-2\/\">Musique, \u00e7a tourne !<\/a><\/blockquote><iframe sandbox=\"allow-scripts\" security=\"restricted\" src=\"https:\/\/old-eoc.dev-app.net\/en\/agenda\/evenement\/musique-ca-tourne-2\/embed\/#?secret=CQp8bGT319\" width=\"600\" height=\"338\" title=\"&#8220;Musique, \u00e7a tourne !&#8221; &#8212; Ensemble Orchestral Contemporain\" data-secret=\"CQp8bGT319\" frameborder=\"0\" marginwidth=\"0\" marginheight=\"0\" scrolling=\"no\" class=\"wp-embedded-content\"><\/iframe><script type=\"text\/javascript\">\n\/* <![CDATA[ *\/\n\/*! This file is auto-generated *\/\n!function(d,l){\"use strict\";l.querySelector&&d.addEventListener&&\"undefined\"!=typeof URL&&(d.wp=d.wp||{},d.wp.receiveEmbedMessage||(d.wp.receiveEmbedMessage=function(e){var t=e.data;if((t||t.secret||t.message||t.value)&&!\/[^a-zA-Z0-9]\/.test(t.secret)){for(var s,r,n,a=l.querySelectorAll('iframe[data-secret=\"'+t.secret+'\"]'),o=l.querySelectorAll('blockquote[data-secret=\"'+t.secret+'\"]'),c=new RegExp(\"^https?:$\",\"i\"),i=0;i<o.length;i++)o[i].style.display=\"none\";for(i=0;i<a.length;i++)s=a[i],e.source===s.contentWindow&&(s.removeAttribute(\"style\"),\"height\"===t.message?(1e3<(r=parseInt(t.value,10))?r=1e3:~~r<200&&(r=200),s.height=r):\"link\"===t.message&&(r=new URL(s.getAttribute(\"src\")),n=new URL(t.value),c.test(n.protocol))&&n.host===r.host&&l.activeElement===s&&(d.top.location.href=t.value))}},d.addEventListener(\"message\",d.wp.receiveEmbedMessage,!1),l.addEventListener(\"DOMContentLoaded\",function(){for(var e,t,s=l.querySelectorAll(\"iframe.wp-embedded-content\"),r=0;r<s.length;r++)(t=(e=s[r]).getAttribute(\"data-secret\"))||(t=Math.random().toString(36).substring(2,12),e.src+=\"#?secret=\"+t,e.setAttribute(\"data-secret\",t)),e.contentWindow.postMessage({message:\"ready\",secret:t},\"*\")},!1)))}(window,document);\n\/* ]]> *\/\n<\/script>\n","thumbnail_url":"https:\/\/old-eoc.dev-app.net\/wp-content\/uploads\/2020\/07\/18-Adrien-Trybucki-Credit-Adrien-Trybucki.jpg","thumbnail_width":1920,"thumbnail_height":1080,"description":"La jeune cr\u00e9ation musicale sera mise \u00e0 l&#8217;honneur durant cette nouvelle session de captation du 21 au 25 avril, en coproduction avec GRAME. Adrien Rivollier mettra en image les pi\u00e8ces de quatre \u00e9tudiants en composition (instrumentale, \u00e9lectronique et mixte) du CNSMD de Lyon. Avec, en point d\u2019orgue, la cr\u00e9ation d\u2019un ancien \u00e9l\u00e8ve du Conservatoire : [&hellip;]"}

Musique, ça tourne ! - Ensemble Orchestral Contemporain

<blockquote class="wp-embedded-content" data-secret="CQp8bGT319"><a href="https://old-eoc.dev-app.net/en/agenda/evenement/musique-ca-tourne-2/">Musique, ça tourne !</a></blockquote><iframe sandbox="allow-scripts" security="restricted" src="https://old-eoc.dev-app.net/en/agenda/evenement/musique-ca-tourne-2/embed/#?secret=CQp8bGT319" width="600" height="338" title="&#8220;Musique, ça tourne !&#8221; &#8212; Ensemble Orchestral Contemporain" data-secret="CQp8bGT319" frameborder="0" marginwidth="0" marginheight="0" scrolling="no" class="wp-embedded-content"></iframe><script type="text/javascript">
/* <![CDATA[ */
/*! This file is auto-generated */
!function(d,l){"use strict";l.querySelector&&d.addEventListener&&"undefined"!=typeof URL&&(d.wp=d.wp||{},d.wp.receiveEmbedMessage||(d.wp.receiveEmbedMessage=function(e){var t=e.data;if((t||t.secret||t.message||t.value)&&!/[^a-zA-Z0-9]/.test(t.secret)){for(var s,r,n,a=l.querySelectorAll('iframe[data-secret="'+t.secret+'"]'),o=l.querySelectorAll('blockquote[data-secret="'+t.secret+'"]'),c=new RegExp("^https?:$","i"),i=0;i<o.length;i++)o[i].style.display="none";for(i=0;i<a.length;i++)s=a[i],e.source===s.contentWindow&&(s.removeAttribute("style"),"height"===t.message?(1e3<(r=parseInt(t.value,10))?r=1e3:~~r<200&&(r=200),s.height=r):"link"===t.message&&(r=new URL(s.getAttribute("src")),n=new URL(t.value),c.test(n.protocol))&&n.host===r.host&&l.activeElement===s&&(d.top.location.href=t.value))}},d.addEventListener("message",d.wp.receiveEmbedMessage,!1),l.addEventListener("DOMContentLoaded",function(){for(var e,t,s=l.querySelectorAll("iframe.wp-embedded-content"),r=0;r<s.length;r++)(t=(e=s[r]).getAttribute("data-secret"))||(t=Math.random().toString(36).substring(2,12),e.src+="#?secret="+t,e.setAttribute("data-secret",t)),e.contentWindow.postMessage({message:"ready",secret:t},"*")},!1)))}(window,document);
/* ]]> */
</script>

La jeune création musicale sera mise à l&#8217;honneur durant cette nouvelle session de captation du 21 au 25 avril, en coproduction avec GRAME. Adrien Rivollier mettra en image les pièces de quatre étudiants en composition (instrumentale, électronique et mixte) du CNSMD de Lyon. Avec, en point d’orgue, la création d’un ancien élève du Conservatoire : [&hellip;]
