{"version":"1.0","provider_name":"Ensemble Orchestral Contemporain","provider_url":"https:\/\/old-eoc.dev-app.net\/en\/","title":"L\u2019\u00c9toffe in\u00e9puisable du r\u00eave - Ensemble Orchestral Contemporain","type":"rich","width":600,"height":338,"html":"<blockquote class=\"wp-embedded-content\" data-secret=\"q2rMo1mHk8\"><a href=\"https:\/\/old-eoc.dev-app.net\/en\/agenda\/evenement\/letoffe-inepuisable-du-reve-6\/\">L\u2019\u00c9toffe in\u00e9puisable du r\u00eave<\/a><\/blockquote><iframe sandbox=\"allow-scripts\" security=\"restricted\" src=\"https:\/\/old-eoc.dev-app.net\/en\/agenda\/evenement\/letoffe-inepuisable-du-reve-6\/embed\/#?secret=q2rMo1mHk8\" width=\"600\" height=\"338\" title=\"&#8220;L\u2019\u00c9toffe in\u00e9puisable du r\u00eave&#8221; &#8212; Ensemble Orchestral Contemporain\" data-secret=\"q2rMo1mHk8\" frameborder=\"0\" marginwidth=\"0\" marginheight=\"0\" scrolling=\"no\" class=\"wp-embedded-content\"><\/iframe><script type=\"text\/javascript\">\n\/* <![CDATA[ *\/\n\/*! This file is auto-generated *\/\n!function(d,l){\"use strict\";l.querySelector&&d.addEventListener&&\"undefined\"!=typeof URL&&(d.wp=d.wp||{},d.wp.receiveEmbedMessage||(d.wp.receiveEmbedMessage=function(e){var t=e.data;if((t||t.secret||t.message||t.value)&&!\/[^a-zA-Z0-9]\/.test(t.secret)){for(var s,r,n,a=l.querySelectorAll('iframe[data-secret=\"'+t.secret+'\"]'),o=l.querySelectorAll('blockquote[data-secret=\"'+t.secret+'\"]'),c=new RegExp(\"^https?:$\",\"i\"),i=0;i<o.length;i++)o[i].style.display=\"none\";for(i=0;i<a.length;i++)s=a[i],e.source===s.contentWindow&&(s.removeAttribute(\"style\"),\"height\"===t.message?(1e3<(r=parseInt(t.value,10))?r=1e3:~~r<200&&(r=200),s.height=r):\"link\"===t.message&&(r=new URL(s.getAttribute(\"src\")),n=new URL(t.value),c.test(n.protocol))&&n.host===r.host&&l.activeElement===s&&(d.top.location.href=t.value))}},d.addEventListener(\"message\",d.wp.receiveEmbedMessage,!1),l.addEventListener(\"DOMContentLoaded\",function(){for(var e,t,s=l.querySelectorAll(\"iframe.wp-embedded-content\"),r=0;r<s.length;r++)(t=(e=s[r]).getAttribute(\"data-secret\"))||(t=Math.random().toString(36).substring(2,12),e.src+=\"#?secret=\"+t,e.setAttribute(\"data-secret\",t)),e.contentWindow.postMessage({message:\"ready\",secret:t},\"*\")},!1)))}(window,document);\n\/* ]]> *\/\n<\/script>\n","thumbnail_url":"https:\/\/old-eoc.dev-app.net\/wp-content\/uploads\/2023\/09\/res-scaled.jpeg","thumbnail_width":1920,"thumbnail_height":1282,"description":"Prenant comme point de d\u00e9part la citation d\u2019Elis\u00e9e Reclus\u00a0 \u00ab L\u2019Homme est la Nature prenant conscience d\u2019elle-m\u00eame \u00bb, Sophie Lacaze nous propose une l\u00e9gende aborig\u00e8ne sur la cr\u00e9ation du monde, afin de souligner l\u2019incoh\u00e9rence d\u2019une vision exclusivement anthropocentrique du monde, en t\u00e9moigne la situation actuelle, et plus particuli\u00e8rement l\u2019effondrement des \u00e9quilibres fragiles de la nature [&hellip;]"}

L’Étoffe inépuisable du rêve - Ensemble Orchestral Contemporain

<blockquote class="wp-embedded-content" data-secret="q2rMo1mHk8"><a href="https://old-eoc.dev-app.net/en/agenda/evenement/letoffe-inepuisable-du-reve-6/">L’Étoffe inépuisable du rêve</a></blockquote><iframe sandbox="allow-scripts" security="restricted" src="https://old-eoc.dev-app.net/en/agenda/evenement/letoffe-inepuisable-du-reve-6/embed/#?secret=q2rMo1mHk8" width="600" height="338" title="&#8220;L’Étoffe inépuisable du rêve&#8221; &#8212; Ensemble Orchestral Contemporain" data-secret="q2rMo1mHk8" frameborder="0" marginwidth="0" marginheight="0" scrolling="no" class="wp-embedded-content"></iframe><script type="text/javascript">
/* <![CDATA[ */
/*! This file is auto-generated */
!function(d,l){"use strict";l.querySelector&&d.addEventListener&&"undefined"!=typeof URL&&(d.wp=d.wp||{},d.wp.receiveEmbedMessage||(d.wp.receiveEmbedMessage=function(e){var t=e.data;if((t||t.secret||t.message||t.value)&&!/[^a-zA-Z0-9]/.test(t.secret)){for(var s,r,n,a=l.querySelectorAll('iframe[data-secret="'+t.secret+'"]'),o=l.querySelectorAll('blockquote[data-secret="'+t.secret+'"]'),c=new RegExp("^https?:$","i"),i=0;i<o.length;i++)o[i].style.display="none";for(i=0;i<a.length;i++)s=a[i],e.source===s.contentWindow&&(s.removeAttribute("style"),"height"===t.message?(1e3<(r=parseInt(t.value,10))?r=1e3:~~r<200&&(r=200),s.height=r):"link"===t.message&&(r=new URL(s.getAttribute("src")),n=new URL(t.value),c.test(n.protocol))&&n.host===r.host&&l.activeElement===s&&(d.top.location.href=t.value))}},d.addEventListener("message",d.wp.receiveEmbedMessage,!1),l.addEventListener("DOMContentLoaded",function(){for(var e,t,s=l.querySelectorAll("iframe.wp-embedded-content"),r=0;r<s.length;r++)(t=(e=s[r]).getAttribute("data-secret"))||(t=Math.random().toString(36).substring(2,12),e.src+="#?secret="+t,e.setAttribute("data-secret",t)),e.contentWindow.postMessage({message:"ready",secret:t},"*")},!1)))}(window,document);
/* ]]> */
</script>

Prenant comme point de départ la citation d’Elisée Reclus  « L’Homme est la Nature prenant conscience d’elle-même », Sophie Lacaze nous propose une légende aborigène sur la création du monde, afin de souligner l’incohérence d’une vision exclusivement anthropocentrique du monde, en témoigne la situation actuelle, et plus particulièrement l’effondrement des équilibres fragiles de la nature [&hellip;]
