{"version":"1.0","provider_name":"Ensemble Orchestral Contemporain","provider_url":"https:\/\/old-eoc.dev-app.net\/en\/","title":"Report\u00e9 \/\/ Les jeudis de la Villa - Ensemble Orchestral Contemporain","type":"rich","width":600,"height":338,"html":"<blockquote class=\"wp-embedded-content\" data-secret=\"OJRr05Z25w\"><a href=\"https:\/\/old-eoc.dev-app.net\/en\/agenda\/evenement\/les-jeudis-de-la-villa\/\">Report\u00e9 \/\/ Les jeudis de la Villa<\/a><\/blockquote><iframe sandbox=\"allow-scripts\" security=\"restricted\" src=\"https:\/\/old-eoc.dev-app.net\/en\/agenda\/evenement\/les-jeudis-de-la-villa\/embed\/#?secret=OJRr05Z25w\" width=\"600\" height=\"338\" title=\"&#8220;Report\u00e9 \/\/ Les jeudis de la Villa&#8221; &#8212; Ensemble Orchestral Contemporain\" data-secret=\"OJRr05Z25w\" frameborder=\"0\" marginwidth=\"0\" marginheight=\"0\" scrolling=\"no\" class=\"wp-embedded-content\"><\/iframe><script type=\"text\/javascript\">\n\/* <![CDATA[ *\/\n\/*! This file is auto-generated *\/\n!function(d,l){\"use strict\";l.querySelector&&d.addEventListener&&\"undefined\"!=typeof URL&&(d.wp=d.wp||{},d.wp.receiveEmbedMessage||(d.wp.receiveEmbedMessage=function(e){var t=e.data;if((t||t.secret||t.message||t.value)&&!\/[^a-zA-Z0-9]\/.test(t.secret)){for(var s,r,n,a=l.querySelectorAll('iframe[data-secret=\"'+t.secret+'\"]'),o=l.querySelectorAll('blockquote[data-secret=\"'+t.secret+'\"]'),c=new RegExp(\"^https?:$\",\"i\"),i=0;i<o.length;i++)o[i].style.display=\"none\";for(i=0;i<a.length;i++)s=a[i],e.source===s.contentWindow&&(s.removeAttribute(\"style\"),\"height\"===t.message?(1e3<(r=parseInt(t.value,10))?r=1e3:~~r<200&&(r=200),s.height=r):\"link\"===t.message&&(r=new URL(s.getAttribute(\"src\")),n=new URL(t.value),c.test(n.protocol))&&n.host===r.host&&l.activeElement===s&&(d.top.location.href=t.value))}},d.addEventListener(\"message\",d.wp.receiveEmbedMessage,!1),l.addEventListener(\"DOMContentLoaded\",function(){for(var e,t,s=l.querySelectorAll(\"iframe.wp-embedded-content\"),r=0;r<s.length;r++)(t=(e=s[r]).getAttribute(\"data-secret\"))||(t=Math.random().toString(36).substring(2,12),e.src+=\"#?secret=\"+t,e.setAttribute(\"data-secret\",t)),e.contentWindow.postMessage({message:\"ready\",secret:t},\"*\")},!1)))}(window,document);\n\/* ]]> *\/\n<\/script>\n","thumbnail_url":"https:\/\/old-eoc.dev-app.net\/wp-content\/uploads\/2020\/07\/8-Bastien-David-Credit-Samuel-Gratacap.jpg","thumbnail_width":1920,"thumbnail_height":1080,"description":"Bastien David, compositeur pensionnaire 2019\/2020 \u00e0 l\u2019Acad\u00e9mie de France \u00e0 Rome, confie sa derni\u00e8re cr\u00e9ation, Vendre le ciel aux t\u00e9n\u00e8bres \u00e0 l\u2019Ensemble Orchestral Contemporain lors d\u2019un \u00e9v\u00e9nement d\u2019exception \u00e0 Rome. Bastien David explore ici une utilisation particuli\u00e8re du basson qu\u2019il nomme \u00ab jeu d\u2019aspiration\u00a0\u00bb. De sonorit\u00e9s inou\u00efes en \u00e9clats vocaux, l\u2019usage d\u00e9tourn\u00e9 du basson dessine [&hellip;]"}

Reporté // Les jeudis de la Villa - Ensemble Orchestral Contemporain

<blockquote class="wp-embedded-content" data-secret="OJRr05Z25w"><a href="https://old-eoc.dev-app.net/en/agenda/evenement/les-jeudis-de-la-villa/">Reporté // Les jeudis de la Villa</a></blockquote><iframe sandbox="allow-scripts" security="restricted" src="https://old-eoc.dev-app.net/en/agenda/evenement/les-jeudis-de-la-villa/embed/#?secret=OJRr05Z25w" width="600" height="338" title="&#8220;Reporté // Les jeudis de la Villa&#8221; &#8212; Ensemble Orchestral Contemporain" data-secret="OJRr05Z25w" frameborder="0" marginwidth="0" marginheight="0" scrolling="no" class="wp-embedded-content"></iframe><script type="text/javascript">
/* <![CDATA[ */
/*! This file is auto-generated */
!function(d,l){"use strict";l.querySelector&&d.addEventListener&&"undefined"!=typeof URL&&(d.wp=d.wp||{},d.wp.receiveEmbedMessage||(d.wp.receiveEmbedMessage=function(e){var t=e.data;if((t||t.secret||t.message||t.value)&&!/[^a-zA-Z0-9]/.test(t.secret)){for(var s,r,n,a=l.querySelectorAll('iframe[data-secret="'+t.secret+'"]'),o=l.querySelectorAll('blockquote[data-secret="'+t.secret+'"]'),c=new RegExp("^https?:$","i"),i=0;i<o.length;i++)o[i].style.display="none";for(i=0;i<a.length;i++)s=a[i],e.source===s.contentWindow&&(s.removeAttribute("style"),"height"===t.message?(1e3<(r=parseInt(t.value,10))?r=1e3:~~r<200&&(r=200),s.height=r):"link"===t.message&&(r=new URL(s.getAttribute("src")),n=new URL(t.value),c.test(n.protocol))&&n.host===r.host&&l.activeElement===s&&(d.top.location.href=t.value))}},d.addEventListener("message",d.wp.receiveEmbedMessage,!1),l.addEventListener("DOMContentLoaded",function(){for(var e,t,s=l.querySelectorAll("iframe.wp-embedded-content"),r=0;r<s.length;r++)(t=(e=s[r]).getAttribute("data-secret"))||(t=Math.random().toString(36).substring(2,12),e.src+="#?secret="+t,e.setAttribute("data-secret",t)),e.contentWindow.postMessage({message:"ready",secret:t},"*")},!1)))}(window,document);
/* ]]> */
</script>

Bastien David, compositeur pensionnaire 2019/2020 à l’Académie de France à Rome, confie sa dernière création, Vendre le ciel aux ténèbres à l’Ensemble Orchestral Contemporain lors d’un événement d’exception à Rome. Bastien David explore ici une utilisation particulière du basson qu’il nomme « jeu d’aspiration ». De sonorités inouïes en éclats vocaux, l’usage détourné du basson dessine [&hellip;]
