{"version":"1.0","provider_name":"Ensemble Orchestral Contemporain","provider_url":"https:\/\/old-eoc.dev-app.net\/en\/","title":"Concert Expresso - Ensemble Orchestral Contemporain","type":"rich","width":600,"height":338,"html":"<blockquote class=\"wp-embedded-content\" data-secret=\"PByg4sM789\"><a href=\"https:\/\/old-eoc.dev-app.net\/en\/agenda\/evenement\/latelier-decoute\/\">Concert Expresso<\/a><\/blockquote><iframe sandbox=\"allow-scripts\" security=\"restricted\" src=\"https:\/\/old-eoc.dev-app.net\/en\/agenda\/evenement\/latelier-decoute\/embed\/#?secret=PByg4sM789\" width=\"600\" height=\"338\" title=\"&#8220;Concert Expresso&#8221; &#8212; Ensemble Orchestral Contemporain\" data-secret=\"PByg4sM789\" frameborder=\"0\" marginwidth=\"0\" marginheight=\"0\" scrolling=\"no\" class=\"wp-embedded-content\"><\/iframe><script type=\"text\/javascript\">\n\/* <![CDATA[ *\/\n\/*! This file is auto-generated *\/\n!function(d,l){\"use strict\";l.querySelector&&d.addEventListener&&\"undefined\"!=typeof URL&&(d.wp=d.wp||{},d.wp.receiveEmbedMessage||(d.wp.receiveEmbedMessage=function(e){var t=e.data;if((t||t.secret||t.message||t.value)&&!\/[^a-zA-Z0-9]\/.test(t.secret)){for(var s,r,n,a=l.querySelectorAll('iframe[data-secret=\"'+t.secret+'\"]'),o=l.querySelectorAll('blockquote[data-secret=\"'+t.secret+'\"]'),c=new RegExp(\"^https?:$\",\"i\"),i=0;i<o.length;i++)o[i].style.display=\"none\";for(i=0;i<a.length;i++)s=a[i],e.source===s.contentWindow&&(s.removeAttribute(\"style\"),\"height\"===t.message?(1e3<(r=parseInt(t.value,10))?r=1e3:~~r<200&&(r=200),s.height=r):\"link\"===t.message&&(r=new URL(s.getAttribute(\"src\")),n=new URL(t.value),c.test(n.protocol))&&n.host===r.host&&l.activeElement===s&&(d.top.location.href=t.value))}},d.addEventListener(\"message\",d.wp.receiveEmbedMessage,!1),l.addEventListener(\"DOMContentLoaded\",function(){for(var e,t,s=l.querySelectorAll(\"iframe.wp-embedded-content\"),r=0;r<s.length;r++)(t=(e=s[r]).getAttribute(\"data-secret\"))||(t=Math.random().toString(36).substring(2,12),e.src+=\"#?secret=\"+t,e.setAttribute(\"data-secret\",t)),e.contentWindow.postMessage({message:\"ready\",secret:t},\"*\")},!1)))}(window,document);\n\/* ]]> *\/\n<\/script>\n","thumbnail_url":"https:\/\/old-eoc.dev-app.net\/wp-content\/uploads\/2024\/12\/DSC09392-scaled.jpg","thumbnail_width":1536,"thumbnail_height":1920,"description":"Val\u00e9rie Dulac et Roxane Gentil convient les \u00e9tudiants de l&#8217;universit\u00e9 de Lyon pour un concert intimiste rythm\u00e9 par des duos o\u00f9 violoncelle et piano seront la source de r\u00e9sonances sympathiques et de mondes vibratoires. Le programme d\u00e9roule une approche du genre, des pi\u00e8ces cultes de Bel\u00e0 Bartok au d\u00e9but du si\u00e8cle dernier, jusqu\u2019\u00e0 nos jours [&hellip;]"}

Valérie Dulac et Roxane Gentil convient les étudiants de l&#8217;université de Lyon pour un concert intimiste rythmé par des duos où violoncelle et piano seront la source de résonances sympathiques et de mondes vibratoires. Le programme déroule une approche du genre, des pièces cultes de Belà Bartok au début du siècle dernier, jusqu’à nos jours [&hellip;]
