{"version":"1.0","provider_name":"Ensemble Orchestral Contemporain","provider_url":"https:\/\/old-eoc.dev-app.net\/en\/","title":"\u00c0 la m\u00e9moire d'un ange - Ensemble Orchestral Contemporain","type":"rich","width":600,"height":338,"html":"<blockquote class=\"wp-embedded-content\" data-secret=\"ZUQVnV4PvW\"><a href=\"https:\/\/old-eoc.dev-app.net\/en\/agenda\/evenement\/festival-de-la-chaise-dieu-2\/\">\u00c0 la m\u00e9moire d&#8217;un ange<\/a><\/blockquote><iframe sandbox=\"allow-scripts\" security=\"restricted\" src=\"https:\/\/old-eoc.dev-app.net\/en\/agenda\/evenement\/festival-de-la-chaise-dieu-2\/embed\/#?secret=ZUQVnV4PvW\" width=\"600\" height=\"338\" title=\"&#8220;\u00c0 la m\u00e9moire d&#8217;un ange&#8221; &#8212; Ensemble Orchestral Contemporain\" data-secret=\"ZUQVnV4PvW\" frameborder=\"0\" marginwidth=\"0\" marginheight=\"0\" scrolling=\"no\" class=\"wp-embedded-content\"><\/iframe><script type=\"text\/javascript\">\n\/* <![CDATA[ *\/\n\/*! This file is auto-generated *\/\n!function(d,l){\"use strict\";l.querySelector&&d.addEventListener&&\"undefined\"!=typeof URL&&(d.wp=d.wp||{},d.wp.receiveEmbedMessage||(d.wp.receiveEmbedMessage=function(e){var t=e.data;if((t||t.secret||t.message||t.value)&&!\/[^a-zA-Z0-9]\/.test(t.secret)){for(var s,r,n,a=l.querySelectorAll('iframe[data-secret=\"'+t.secret+'\"]'),o=l.querySelectorAll('blockquote[data-secret=\"'+t.secret+'\"]'),c=new RegExp(\"^https?:$\",\"i\"),i=0;i<o.length;i++)o[i].style.display=\"none\";for(i=0;i<a.length;i++)s=a[i],e.source===s.contentWindow&&(s.removeAttribute(\"style\"),\"height\"===t.message?(1e3<(r=parseInt(t.value,10))?r=1e3:~~r<200&&(r=200),s.height=r):\"link\"===t.message&&(r=new URL(s.getAttribute(\"src\")),n=new URL(t.value),c.test(n.protocol))&&n.host===r.host&&l.activeElement===s&&(d.top.location.href=t.value))}},d.addEventListener(\"message\",d.wp.receiveEmbedMessage,!1),l.addEventListener(\"DOMContentLoaded\",function(){for(var e,t,s=l.querySelectorAll(\"iframe.wp-embedded-content\"),r=0;r<s.length;r++)(t=(e=s[r]).getAttribute(\"data-secret\"))||(t=Math.random().toString(36).substring(2,12),e.src+=\"#?secret=\"+t,e.setAttribute(\"data-secret\",t)),e.contentWindow.postMessage({message:\"ready\",secret:t},\"*\")},!1)))}(window,document);\n\/* ]]> *\/\n<\/script>\n","thumbnail_url":"https:\/\/old-eoc.dev-app.net\/wp-content\/uploads\/2022\/01\/9711589-diaporama-1.jpeg","thumbnail_width":840,"thumbnail_height":630,"description":"Apr\u00e8s un premier concert\u00a0commun Ravel \/ Stravinksy\u00a0lors du dernier festival,\u00a0l\u2019Ensemble Orchestral\u00a0Contemporain et l\u2019Orchestre\u00a0national d\u2019Auvergne conjuguent\u00a0\u00e0 nouveau leurs forces,\u00a0cette fois en mettant en regard\u00a0la Premi\u00e8re et la Seconde\u00a0\u00c9cole de Vienne, du classicisme\u00a0mozartien jusqu\u2019au\u00a0Concerto\u00a0pour violon de Berg (1935), d\u00e9di\u00e9 \u00e0 la fille d\u2019Alma Mahler\u00a0emport\u00e9e par la maladie\u00a0\u00e0 18 ans."}

À la mémoire d'un ange - Ensemble Orchestral Contemporain

<blockquote class="wp-embedded-content" data-secret="ZUQVnV4PvW"><a href="https://old-eoc.dev-app.net/en/agenda/evenement/festival-de-la-chaise-dieu-2/">À la mémoire d&#8217;un ange</a></blockquote><iframe sandbox="allow-scripts" security="restricted" src="https://old-eoc.dev-app.net/en/agenda/evenement/festival-de-la-chaise-dieu-2/embed/#?secret=ZUQVnV4PvW" width="600" height="338" title="&#8220;À la mémoire d&#8217;un ange&#8221; &#8212; Ensemble Orchestral Contemporain" data-secret="ZUQVnV4PvW" frameborder="0" marginwidth="0" marginheight="0" scrolling="no" class="wp-embedded-content"></iframe><script type="text/javascript">
/* <![CDATA[ */
/*! This file is auto-generated */
!function(d,l){"use strict";l.querySelector&&d.addEventListener&&"undefined"!=typeof URL&&(d.wp=d.wp||{},d.wp.receiveEmbedMessage||(d.wp.receiveEmbedMessage=function(e){var t=e.data;if((t||t.secret||t.message||t.value)&&!/[^a-zA-Z0-9]/.test(t.secret)){for(var s,r,n,a=l.querySelectorAll('iframe[data-secret="'+t.secret+'"]'),o=l.querySelectorAll('blockquote[data-secret="'+t.secret+'"]'),c=new RegExp("^https?:$","i"),i=0;i<o.length;i++)o[i].style.display="none";for(i=0;i<a.length;i++)s=a[i],e.source===s.contentWindow&&(s.removeAttribute("style"),"height"===t.message?(1e3<(r=parseInt(t.value,10))?r=1e3:~~r<200&&(r=200),s.height=r):"link"===t.message&&(r=new URL(s.getAttribute("src")),n=new URL(t.value),c.test(n.protocol))&&n.host===r.host&&l.activeElement===s&&(d.top.location.href=t.value))}},d.addEventListener("message",d.wp.receiveEmbedMessage,!1),l.addEventListener("DOMContentLoaded",function(){for(var e,t,s=l.querySelectorAll("iframe.wp-embedded-content"),r=0;r<s.length;r++)(t=(e=s[r]).getAttribute("data-secret"))||(t=Math.random().toString(36).substring(2,12),e.src+="#?secret="+t,e.setAttribute("data-secret",t)),e.contentWindow.postMessage({message:"ready",secret:t},"*")},!1)))}(window,document);
/* ]]> */
</script>

Après un premier concert commun Ravel / Stravinksy lors du dernier festival, l’Ensemble Orchestral Contemporain et l’Orchestre national d’Auvergne conjuguent à nouveau leurs forces, cette fois en mettant en regard la Première et la Seconde École de Vienne, du classicisme mozartien jusqu’au Concerto pour violon de Berg (1935), dédié à la fille d’Alma Mahler emportée par la maladie à 18 ans.
