{"version":"1.0","provider_name":"Ensemble Orchestral Contemporain","provider_url":"https:\/\/old-eoc.dev-app.net\/en\/","title":"Entre Deux - Ensemble Orchestral Contemporain","type":"rich","width":600,"height":338,"html":"<blockquote class=\"wp-embedded-content\" data-secret=\"mUcpyJdvFC\"><a href=\"https:\/\/old-eoc.dev-app.net\/en\/agenda\/evenement\/entre-deux\/\">Entre Deux<\/a><\/blockquote><iframe sandbox=\"allow-scripts\" security=\"restricted\" src=\"https:\/\/old-eoc.dev-app.net\/en\/agenda\/evenement\/entre-deux\/embed\/#?secret=mUcpyJdvFC\" width=\"600\" height=\"338\" title=\"&#8220;Entre Deux&#8221; &#8212; Ensemble Orchestral Contemporain\" data-secret=\"mUcpyJdvFC\" frameborder=\"0\" marginwidth=\"0\" marginheight=\"0\" scrolling=\"no\" class=\"wp-embedded-content\"><\/iframe><script type=\"text\/javascript\">\n\/* <![CDATA[ *\/\n\/*! This file is auto-generated *\/\n!function(d,l){\"use strict\";l.querySelector&&d.addEventListener&&\"undefined\"!=typeof URL&&(d.wp=d.wp||{},d.wp.receiveEmbedMessage||(d.wp.receiveEmbedMessage=function(e){var t=e.data;if((t||t.secret||t.message||t.value)&&!\/[^a-zA-Z0-9]\/.test(t.secret)){for(var s,r,n,a=l.querySelectorAll('iframe[data-secret=\"'+t.secret+'\"]'),o=l.querySelectorAll('blockquote[data-secret=\"'+t.secret+'\"]'),c=new RegExp(\"^https?:$\",\"i\"),i=0;i<o.length;i++)o[i].style.display=\"none\";for(i=0;i<a.length;i++)s=a[i],e.source===s.contentWindow&&(s.removeAttribute(\"style\"),\"height\"===t.message?(1e3<(r=parseInt(t.value,10))?r=1e3:~~r<200&&(r=200),s.height=r):\"link\"===t.message&&(r=new URL(s.getAttribute(\"src\")),n=new URL(t.value),c.test(n.protocol))&&n.host===r.host&&l.activeElement===s&&(d.top.location.href=t.value))}},d.addEventListener(\"message\",d.wp.receiveEmbedMessage,!1),l.addEventListener(\"DOMContentLoaded\",function(){for(var e,t,s=l.querySelectorAll(\"iframe.wp-embedded-content\"),r=0;r<s.length;r++)(t=(e=s[r]).getAttribute(\"data-secret\"))||(t=Math.random().toString(36).substring(2,12),e.src+=\"#?secret=\"+t,e.setAttribute(\"data-secret\",t)),e.contentWindow.postMessage({message:\"ready\",secret:t},\"*\")},!1)))}(window,document);\n\/* ]]> *\/\n<\/script>\n","thumbnail_url":"https:\/\/old-eoc.dev-app.net\/wp-content\/uploads\/2022\/01\/Compo-GR-GB.jpg","thumbnail_width":886,"thumbnail_height":591,"description":"\u00ab\u00a0Entre-deux\u00a0\u00bb arpente les mouvements musicaux en Europe dans la premi\u00e8re moiti\u00e9 du XXe si\u00e8cle. De l\u2019impressionnisme fran\u00e7ais de Debussy, empreint de couleurs modales sublimant la modernit\u00e9 des formes et des id\u00e9es, aux explorations s\u00e9rielles et structurelles viennoises de Berg, en passant par les r\u00e9miniscences tonales et expressionnistes d\u00e9brid\u00e9es d\u2019Hindemith en Allemagne\u00a0: trois compositeurs dont les [&hellip;]"}

« Entre-deux » arpente les mouvements musicaux en Europe dans la première moitié du XXe siècle. De l’impressionnisme français de Debussy, empreint de couleurs modales sublimant la modernité des formes et des idées, aux explorations sérielles et structurelles viennoises de Berg, en passant par les réminiscences tonales et expressionnistes débridées d’Hindemith en Allemagne : trois compositeurs dont les [&hellip;]
