{"version":"1.0","provider_name":"Ensemble Orchestral Contemporain","provider_url":"https:\/\/old-eoc.dev-app.net\/en\/","title":"En marge des fabriques - Ensemble Orchestral Contemporain","type":"rich","width":600,"height":338,"html":"<blockquote class=\"wp-embedded-content\" data-secret=\"BIhlbbu5j7\"><a href=\"https:\/\/old-eoc.dev-app.net\/en\/agenda\/evenement\/en-marge-des-fabriques\/\">En marge des fabriques<\/a><\/blockquote><iframe sandbox=\"allow-scripts\" security=\"restricted\" src=\"https:\/\/old-eoc.dev-app.net\/en\/agenda\/evenement\/en-marge-des-fabriques\/embed\/#?secret=BIhlbbu5j7\" width=\"600\" height=\"338\" title=\"&#8220;En marge des fabriques&#8221; &#8212; Ensemble Orchestral Contemporain\" data-secret=\"BIhlbbu5j7\" frameborder=\"0\" marginwidth=\"0\" marginheight=\"0\" scrolling=\"no\" class=\"wp-embedded-content\"><\/iframe><script type=\"text\/javascript\">\n\/* <![CDATA[ *\/\n\/*! This file is auto-generated *\/\n!function(d,l){\"use strict\";l.querySelector&&d.addEventListener&&\"undefined\"!=typeof URL&&(d.wp=d.wp||{},d.wp.receiveEmbedMessage||(d.wp.receiveEmbedMessage=function(e){var t=e.data;if((t||t.secret||t.message||t.value)&&!\/[^a-zA-Z0-9]\/.test(t.secret)){for(var s,r,n,a=l.querySelectorAll('iframe[data-secret=\"'+t.secret+'\"]'),o=l.querySelectorAll('blockquote[data-secret=\"'+t.secret+'\"]'),c=new RegExp(\"^https?:$\",\"i\"),i=0;i<o.length;i++)o[i].style.display=\"none\";for(i=0;i<a.length;i++)s=a[i],e.source===s.contentWindow&&(s.removeAttribute(\"style\"),\"height\"===t.message?(1e3<(r=parseInt(t.value,10))?r=1e3:~~r<200&&(r=200),s.height=r):\"link\"===t.message&&(r=new URL(s.getAttribute(\"src\")),n=new URL(t.value),c.test(n.protocol))&&n.host===r.host&&l.activeElement===s&&(d.top.location.href=t.value))}},d.addEventListener(\"message\",d.wp.receiveEmbedMessage,!1),l.addEventListener(\"DOMContentLoaded\",function(){for(var e,t,s=l.querySelectorAll(\"iframe.wp-embedded-content\"),r=0;r<s.length;r++)(t=(e=s[r]).getAttribute(\"data-secret\"))||(t=Math.random().toString(36).substring(2,12),e.src+=\"#?secret=\"+t,e.setAttribute(\"data-secret\",t)),e.contentWindow.postMessage({message:\"ready\",secret:t},\"*\")},!1)))}(window,document);\n\/* ]]> *\/\n<\/script>\n","thumbnail_url":"https:\/\/old-eoc.dev-app.net\/wp-content\/uploads\/2022\/05\/en-marge-des-fabriques.jpg","thumbnail_width":1890,"thumbnail_height":1260,"description":"Le Mus\u00e9e d\u2019Art et d\u2019Industrie de Saint-\u00c9tienne invite Ga\u00ebl Rassaert, Fran\u00e7ois Sal\u00e8s et Laurent Apruzzese, tous trois solistes de l&#8217;Ensemble Orchestral Contemporain\u00a0(EOC) pour une mise en musique de l\u2019exposition \u00ab\u00a0En marge des fabriques\u00a0\u00bb, programm\u00e9e dans le cadre de la Biennale Internationale Design 2022. \u00a0 Parcours musical \u00e0 retrouver en salle et dans tout l\u2019espace du [&hellip;]"}

Le Musée d’Art et d’Industrie de Saint-Étienne invite Gaël Rassaert, François Salès et Laurent Apruzzese, tous trois solistes de l&#8217;Ensemble Orchestral Contemporain (EOC) pour une mise en musique de l’exposition « En marge des fabriques », programmée dans le cadre de la Biennale Internationale Design 2022.   Parcours musical à retrouver en salle et dans tout l’espace du [&hellip;]
