{"version":"1.0","provider_name":"Ensemble Orchestral Contemporain","provider_url":"https:\/\/old-eoc.dev-app.net\/en\/","title":"Concert 3x4 - Ensemble Orchestral Contemporain","type":"rich","width":600,"height":338,"html":"<blockquote class=\"wp-embedded-content\" data-secret=\"CO1WlP8w4R\"><a href=\"https:\/\/old-eoc.dev-app.net\/en\/agenda\/evenement\/concert-3x4\/\">Concert 3&#215;4<\/a><\/blockquote><iframe sandbox=\"allow-scripts\" security=\"restricted\" src=\"https:\/\/old-eoc.dev-app.net\/en\/agenda\/evenement\/concert-3x4\/embed\/#?secret=CO1WlP8w4R\" width=\"600\" height=\"338\" title=\"&#8220;Concert 3&#215;4&#8221; &#8212; Ensemble Orchestral Contemporain\" data-secret=\"CO1WlP8w4R\" frameborder=\"0\" marginwidth=\"0\" marginheight=\"0\" scrolling=\"no\" class=\"wp-embedded-content\"><\/iframe><script type=\"text\/javascript\">\n\/* <![CDATA[ *\/\n\/*! This file is auto-generated *\/\n!function(d,l){\"use strict\";l.querySelector&&d.addEventListener&&\"undefined\"!=typeof URL&&(d.wp=d.wp||{},d.wp.receiveEmbedMessage||(d.wp.receiveEmbedMessage=function(e){var t=e.data;if((t||t.secret||t.message||t.value)&&!\/[^a-zA-Z0-9]\/.test(t.secret)){for(var s,r,n,a=l.querySelectorAll('iframe[data-secret=\"'+t.secret+'\"]'),o=l.querySelectorAll('blockquote[data-secret=\"'+t.secret+'\"]'),c=new RegExp(\"^https?:$\",\"i\"),i=0;i<o.length;i++)o[i].style.display=\"none\";for(i=0;i<a.length;i++)s=a[i],e.source===s.contentWindow&&(s.removeAttribute(\"style\"),\"height\"===t.message?(1e3<(r=parseInt(t.value,10))?r=1e3:~~r<200&&(r=200),s.height=r):\"link\"===t.message&&(r=new URL(s.getAttribute(\"src\")),n=new URL(t.value),c.test(n.protocol))&&n.host===r.host&&l.activeElement===s&&(d.top.location.href=t.value))}},d.addEventListener(\"message\",d.wp.receiveEmbedMessage,!1),l.addEventListener(\"DOMContentLoaded\",function(){for(var e,t,s=l.querySelectorAll(\"iframe.wp-embedded-content\"),r=0;r<s.length;r++)(t=(e=s[r]).getAttribute(\"data-secret\"))||(t=Math.random().toString(36).substring(2,12),e.src+=\"#?secret=\"+t,e.setAttribute(\"data-secret\",t)),e.contentWindow.postMessage({message:\"ready\",secret:t},\"*\")},!1)))}(window,document);\n\/* ]]> *\/\n<\/script>\n","thumbnail_url":"https:\/\/old-eoc.dev-app.net\/wp-content\/uploads\/2022\/09\/3x4.jpg","thumbnail_width":1200,"thumbnail_height":600,"description":"Trois trios de trois \u00e9poques, suivant un fil musical ininterrompu. C\u2019est ainsi que le g\u00e9nie de Robert Schumann rend hommage au trio clarinette, alto, piano imagin\u00e9e plus t\u00f4t et pour la premi\u00e8re fois dans l\u2019histoire de la musique par Mozart dans Kegelstatt (trio \u00ab Les Quilles \u00bb). Schumann nomme son trio M\u00e4rchenerz\u00e4hlungen (litt\u00e9ralement\u00ab contes de [&hellip;]"}

Trois trios de trois époques, suivant un fil musical ininterrompu. C’est ainsi que le génie de Robert Schumann rend hommage au trio clarinette, alto, piano imaginée plus tôt et pour la première fois dans l’histoire de la musique par Mozart dans Kegelstatt (trio « Les Quilles »). Schumann nomme son trio Märchenerzählungen (littéralement« contes de [&hellip;]
